e 234478?
True
Is 552003 a multiple of 111?
True
Is 1487 a factor of 7638719?
True
Is 101119 a multiple of 9?
False
Does 82 divide 365638?
True
Is 232 a factor of 1624930?
False
Does 4 divide 1699348?
True
Is 6 a factor of 926448?
True
Does 13 divide 1255543?
False
Is 264 a factor of 128568?
True
Is 10 a factor of 2939870?
True
Does 11 divide 21539?
False
Is 57 a factor of 1361445?
True
Does 11 divide 206129?
True
Is 93 a factor of 1060386?
True
Is 584 a factor of 1095000?
True
Is 308 a factor of 1043504?
True
Does 51 divide 244097?
False
Is 97699 a multiple of 142?
False
Is 3 a factor of 5511?
True
Is 57 a factor of 4515654?
True
Is 47367 a multiple of 19?
True
Does 16 divide 19894579?
False
Is 43483 a multiple of 444?
False
Does 9 divide 1604160?
True
Is 687 a factor of 3533928?
True
Is 1883421 a multiple of 14?
False
Is 35966701 a multiple of 11?
False
Does 14 divide 2086756?
True
Does 74 divide 114626?
True
Does 66 divide 171099?
False
Is 193223 a multiple of 713?
True
Is 1227743 a multiple of 467?
True
Does 301 divide 210700?
True
Is 463154 a multiple of 200?
False
Does 48 divide 2234064?
True
Is 72 a factor of 1275120?
True
Does 67 divide 6779351?
False
Is 32 a factor of 1134656?
True
Is 1125 a factor of 11730375?
True
Is 168030 a multiple of 30?
True
Is 907754 a multiple of 1015?
False
Does 89 divide 4537131?
True
Does 48 divide 2617642?
False
Does 3 divide 28395?
True
Is 13 a factor of 1208075?
False
Is 7948165 a multiple of 23?
False
Is 189365 a multiple of 62?
False
Is 8294887 a multiple of 589?
True
Does 1389 divide 14619284?
False
Does 26 divide 20644?
True
Is 23 a factor of 4909948?
True
Does 70 divide 1754888?
False
Is 176750 a multiple of 35?
True
Does 33 divide 94056?
False
Is 5336140 a multiple of 185?
True
Does 87 divide 195563?
False
Is 112882 a multiple of 29?
False
Does 64 divide 2813219?
False
Is 5 a factor of 149630?
True
Is 3518940 a multiple of 20?
True
Is 7947863 a multiple of 35?
False
Is 751946 a multiple of 298?
False
Does 61 divide 66795?
True
Is 127029 a multiple of 69?
True
Does 69 divide 562971?
True
Is 172 a factor of 282204?
False
Is 936705 a multiple of 385?
True
Is 1781237 a multiple of 1644?
False
Does 12 divide 536556?
True
Does 3 divide 6635?
False
Does 36 divide 589774?
False
Does 8 divide 410835?
False
Does 411 divide 3209029?
False
Does 225 divide 8680950?
True
Is 873 a factor of 249213?
False
Is 5308448 a multiple of 608?
True
Does 136 divide 3059431?
False
Is 15108 a multiple of 6?
True
Is 505 a factor of 8002933?
False
Is 65 a factor of 7155980?
True
Does 119 divide 148750?
True
Is 11 a factor of 93485?
False
Is 8790894 a multiple of 42?
True
Is 3515688 a multiple of 1012?
True
Is 19042272 a multiple of 111?
True
Does 13 divide 63557?
True
Does 645 divide 11580411?
False
Is 4 a factor of 9514?
False
Is 1462 a multiple of 2?
True
Is 774123 a multiple of 262?
False
Is 367 a factor of 1521243?
False
Is 25 a factor of 155650?
True
Does 73 divide 7197089?
False
Does 775 divide 320850?
True
Is 99591 a multiple of 328?
False
Is 18396 a multiple of 87?
False
Is 181 a factor of 98283?
True
Does 43 divide 712639?
True
Is 4528273 a multiple of 111?
False
Does 17 divide 117523?
False
Does 17 divide 490557?
False
Is 137 a factor of 97826?
False
Does 36 divide 182196?
True
Is 84 a factor of 153422?
False
Is 2 a factor of 42051?
False
Does 158 divide 6610?
False
Is 111356 a multiple of 96?
False
Is 342 a factor of 1365264?
True
Does 4 divide 2155444?
True
Is 2660663 a multiple of 3?
False
Does 49 divide 51055?
False
Does 25 divide 7873?
False
Does 296 divide 17459?
False
Is 5882609 a multiple of 16?
False
Is 47736 a multiple of 4?
True
Is 699 a factor of 14597661?
False
Is 759 a factor of 2234788?
False
Does 398 divide 381210?
False
Does 124 divide 75826?
False
Does 16 divide 616944?
True
Is 7 a factor of 511861?
True
Does 35 divide 1542205?
True
Does 120 divide 23530756?
False
Is 6039 a multiple of 183?
True
Is 436 a factor of 5999360?
True
Is 4915 a multiple of 3?
False
Is 512 a factor of 231424?
True
Does 13 divide 20804556?
False
Does 32 divide 146950?
False
Is 527370 a multiple of 5?
True
Does 2 divide 25299?
False
Is 100884 a multiple of 84?
True
Is 62336 a multiple of 35?
False
Is 166194 a multiple of 21?
True
Is 1150788 a multiple of 12?
True
Is 11764787 a multiple of 44?
False
Is 8343468 a multiple of 347?
False
Is 532889 a multiple of 68?
False
Does 1204 divide 5411980?
True
Is 612 a factor of 135252?
True
Does 95 divide 767313?
False
Does 18 divide 249767?
False
Is 659241 a multiple of 33?
True
Is 9838128 a multiple of 2328?
True
Is 35 a factor of 2119645?
False
Is 1798635 a multiple of 164?
False
Does 25 divide 549625?
True
Is 13 a factor of 16177?
False
Is 122 a factor of 28223?
False
Is 59 a factor of 285501?
True
Does 9 divide 381654?
True
Is 11 a factor of 127112?
False
Does 28 divide 94540?
False
Is 26 a factor of 666042?
True
Is 5366000 a multiple of 16?
True
Is 508980 a multiple of 34?
True
Is 4 a factor of 290047?
False
Does 12 divide 3250012?
False
Is 13 a factor of 142588?
False
Is 4203097 a multiple of 19?
False
Does 75 divide 141156?
False
Is 77 a factor of 7306150?
False
Is 12 a factor of 1349137?
False
Is 469300 a multiple of 38?
True
Is 332556 a multiple of 518?
True
Is 10 a factor of 734189?
False
Is 29 a factor of 4809824?
True
Does 5 divide 12251?
False
Is 1153296 a multiple of 144?
True
Does 18 divide 157917?
False
Does 74 divide 6001252?
True
Is 723 a factor of 8975721?
False
Is 19722933 a multiple of 10?
False
Is 417167 a multiple of 104?
False
Is 21 a factor of 25431?
True
Is 8224915 a multiple of 2282?
False
Is 12 a factor of 2937?
False
Is 27 a factor of 1261320?
False
Is 199 a factor of 20497?
True
Is 180 a factor of 154167?
False
Is 252 a factor of 111132?
True
Is 4 a factor of 208192?
True
Is 593 a factor of 237793?
True
Does 7 divide 94181?
False
Is 152072 even?
True
Is 313 a factor of 828448?
False
Is 13 a factor of 23522?
False
Is 15 a factor of 98940?
True
Does 27 divide 1067511?
False
Does 5 divide 1090334?
False
Is 5404575 a multiple of 15?
True
Is 6025348 a multiple of 4?
True
Is 148 a factor of 303419?
False
Does 54 divide 7972452?
True
Does 18 divide 11818854?
True
Is 5396937 a multiple of 39?
True
Is 24 a factor of 158606?
False
Does 6 divide 159933?
False
Does 38 divide 204767?
False
Does 534 divide 32574?
True
Is 115 a factor of 3102700?
True
Is 1006032 a multiple of 24?
True
Is 90 a factor of 5212?
False
Is 122 a factor of 174787?
False
Is 4343818 a multiple of 38?
True
Does 33 divide 178031?
False
Is 123 a factor of 86346?
True
Is 1367016 a multiple of 212?
False
Does 440 divide 2973520?
True
Is 295650 a multiple of 365?
True
Is 310691 a multiple of 89?
False
Does 2 divide 148130?
True
Is 569 a factor of 722061?
True
Is 8 a factor of 64395?
False
Does 39 divide 85527?
True
Is 41 a factor of 4829021?
True
Does 17 divide 414804?
False
Does 106 divide 943824?
True
Is 895 a factor of 4040499?
False
Does 36 divide 2113981?
False
Does 421 divide 2329205?
False
Is 7888 a multiple of 12?
False
Does 13 divide 2740371?
False
Does 7 divide 14663?
False
Is 8 a factor of 118216?
True
Does 167 divide 268202?
True
Does 11 divide 3376383?
False
Is 13 a factor of 59053?
False
Does 265 divide 18551060?
True
Does 160 divide 1848640?
True
Does 390 divide 12910669?
False
Does 43 divide 347040?
False
Is 4551204 a multiple of 31?
False
Does 34 divide 7616?
True
Does 18 divide 100962?
True
Does 10 divide 411146?
False
Is 104 a multiple of 13?
True
Is 18 a factor of 85230?
True
Is 366181 a multiple of 45?
False
Is 302 a factor of 435182?
True
Is 85 a factor of 7546444?
False
Does 20 divide 815451?
False
Does 8 divide 78714?
False
Does 14 divide 2025632?
True
Is 3406770 a multiple of 90?
True
Does 102 divide 1181445?
False
Is 16457 a multiple of 101?
False
Is 737995 a multiple of 24?
False
Is 17439780 a multiple of 20?
True
Is 1873980 a multiple of 58?
True
Is 134 a factor of 232758?
True
Does 15 divide 7671255?
True
Is 79 a factor of 248822?
False
Is 1539 a factor of 19749419?
False
Is 2092720 a multiple of 808?
True
Does 26 divide 295256?
True
Does 33 divide 1930931?
False
Is 3537550 a multiple of 5?
True
Does 18 divide 58578?
False
Is 254228 a multiple of 155?
False
Does 444 div